site?
True
Suppose 4538 = -11*c + 13*c. Is c a prime number?
True
Suppose -3*o = 3*f - 6156, 18*f + 3*o = 14*f + 8209. Is f composite?
False
Suppose 0 = 2*o - h + 167, -2*o - h = 2*o + 343. Let m = 728 + o. Suppose 649 + m = 4*s. Is s a composite number?
True
Let h(z) = z**2 - 2*z - 15. Let u be h(5). Let g(c) = -c**2 - 2*c + 149. Is g(u) a prime number?
True
Suppose -5*c + 9 = -2*c, -c - 3 = -3*o. Is o/(-3) + (-6685)/(-15) a composite number?
True
Is (13/(39/(-102042)))/(-3) composite?
True
Let w(l) = l**2 + l - 1. Let a(h) = h**3 + 27*h**2 + 36*h - 19. Let p(m) = a(m) - 2*w(m). Is p(-18) composite?
True
Let g(x) be the third derivative of 0*x + 5/3*x**3 - 47/24*x**4 + 0 + 7*x**2. Is g(-7) prime?
False
Suppose -4*p = c - 21, -1 = -5*c - 16. Let b be -6*((-525)/p + 2). Suppose -2*s + 161 = -b. Is s prime?
True
Suppose -49*a + 47*a = -33452. Is a composite?
True
Let h = -1724 - -3787. Is h a prime number?
True
Let f(h) = 5*h - h**3 + 0*h**3 - 14*h**2 - 21 + 2*h**3. Suppose 4*l + 72 = -9*x + 13*x, 6 = x + 2*l. Is f(x) composite?
True
Suppose 2*n = 4, 2*n + 2558 - 15451 = -b. Is b a composite number?
False
Suppose 61 = -7*j + 3449. Suppose -2*u = -2, 3*i - 3*u - 2*u = j. Suppose i = 3*t - s - 0*s, 2*t + 3*s = 116. Is t a composite number?
True
Let y(a) be the first derivative of 15*a**3 + 3*a**2/2 - a - 6. Suppose 5*n + 5 + 10 = 0. Is y(n) composite?
True
Let w(z) = -62*z**3 - 2*z. Let a be w(-3). Suppose 0 = 3*o + 6, -g - g = -o - a. Is g prime?
True
Let c be ((-2)/(-3))/((-3)/(-162)). Suppose c - 13 = -2*n + 5*h, -4*n + 5*h = 21. Suppose 0 = 2*z - 2*v - 12, 2*z = -3*v - n + 18. Is z a prime number?
True
Suppose -4*y + 10820 = 4*d, -19*d = -22*d. Is y prime?
False
Suppose -11*f - 57948 = -23*f. Is f a composite number?
True
Let k be ((-7)/((-63)/(-6)))/((-2)/(-3)). Let i(s) = -2 - 133*s + 2. Is i(k) composite?
True
Let m(g) = g**3 + 9*g**2 - 12*g - 6. Suppose -k = 5*y + 10, 5*k - 5*y + 50 = -y. Let l be m(k). Is 2250/l + 14/49 prime?
False
Let a(s) = -14*s**2 + 9*s + 1. Let h(m) = -7*m**2 - 3*m**2 + 8*m - 3*m**2. Let o(v) = 3*a(v) - 4*h(v). Is o(4) composite?
True
Let t(p) = -188*p + 5. Let x be t(2). Let a = 42 - x. Is a prime?
False
Suppose -7*x + 97226 - 10671 = 2*m, -m = 0. Is x a prime number?
False
Suppose 5*z = -4*j + 11645, 0 = 6*z - z - 4*j - 11685. Is z a composite number?
False
Let t = -4 - -2. Let m be t/9 - 75/27. Is (-1 - -95) + (0 - m) a prime number?
True
Let k = -23 - -28. Suppose 0 = p - 4 - k. Suppose p*r - 942 = 6*r. Is r composite?
True
Let n be 0/2 + 0 + -1. Suppose -8*a = -9*a + 2. Is 3/a*100 + n a composite number?
False
Let m(q) = -q + 7. Let a be m(4). Suppose -1 = a*t + 5. Is 5/(t*1/(-38)) composite?
True
Suppose -9 = -6*i + 15. Suppose 1155 = b + i*s, b - 2*b = 5*s - 1159. Is b a composite number?
True
Let x(k) = -536*k - 17. Is x(-2) a prime number?
False
Is 3/(15/12845) + -6 prime?
False
Suppose -y = 3*o - 44280, -30927 - 28105 = -4*o - 4*y. Is o composite?
True
Let v(i) = -5*i**3 + 4*i**2 + 7*i + 3. Let u be v(-7). Suppose -5*j + u = 5*d, -5*d = -17 - 3. Let k = j - 164. Is k prime?
False
Suppose -8*d = 3*d - 1947. Suppose d = 4*a - 1511. Is a a composite number?
True
Suppose -2*r + 3 + 49 = 0. Let k = -22 + r. Suppose -c - 85 = -4*v + 2*c, k*c + 106 = 5*v. Is v prime?
False
Suppose 174*a + 7388 = 178*a. Is a a composite number?
False
Is (2/20*38578)/((-2)/(-10)) prime?
True
Let m(o) = 2*o + 1583. Let p(z) = -3*z - 2375. Let s(x) = 8*m(x) + 5*p(x). Is s(0) a composite number?
True
Let o be (-24)/(-5)*(-100)/(-8). Suppose 5*c = 5*z + 70 + o, 0 = 4*z + 2*c + 74. Let n = 78 + z. Is n a prime number?
False
Let j(y) = 17 - 16 - y + 2*y**2 + 3*y**2 + y**2. Is j(-6) prime?
True
Suppose -2*c + 21 = 7. Suppose 0*i + 2*i - 5*k - c = 0, -4*k = 4*i. Is 38 - (i + (-2)/(-1)) a prime number?
False
Let g be ((-8842)/3)/((-5)/15). Is (-13)/26*g/(-1) composite?
False
Let s be -614*135/(-10)*3/3. Suppose 5*a + 0*a - 5 = 0, -5*u - 4*a = -s. Is u a prime number?
True
Let b = -11152 - -27689. Is b prime?
False
Let s(c) = 24*c**3 + 3*c**2 - 7. Let m be s(3). Suppose m = 2*z - 498. Is z a prime number?
False
Let v = 908 - -659. Is v prime?
True
Suppose 3*v = 3*z - 3, v - 4*z = 3*v - 16. Suppose 2*d + 20 = -4*m, 2*m - 8 = v*d + 3*m. Is -39*(d + 3/(-9)) composite?
True
Suppose -3*b + 4*v = -3473, -2*b = -6*b - 4*v + 4584. Suppose o = -0*o + b. Is o a prime number?
True
Suppose 3*f + z - 30892 = -8533, 0 = 2*z. Is f composite?
True
Suppose -4*o + 2*o = -2*a + 10, -4*o + 5*a - 15 = 0. Let m be (-4)/o*30/4. Is (93/(-9))/((-1)/m) prime?
True
Suppose 0 = 3*l + 154 - 571. Suppose 4*m - l - 65 = 0. Suppose 2*j - m = 65. Is j a composite number?
True
Let h(j) = -3*j + 18 - 3*j + 3*j + 6*j. Let m be h(-10). Is (-2)/(-8) - 705/m composite?
False
Suppose -5*n + 9*n = -36. Is 3/n - 6688/(-12) composite?
False
Suppose -3*g + 411 + 2315 = -w, 5*g + 2*w - 4525 = 0. Is g a prime number?
True
Let i(o) = 56*o**2 - 3*o + 2. Let b be i(-3). Let l = 425 + b. Suppose 5*j = 9*j - l. Is j a prime number?
False
Let a = -7 - -15. Suppose -5*k - 12 = -a*k. Is -2 + 278*6/k composite?
True
Suppose 13*y - 9*y - 18948 = 2*k, -2*y + 5*k + 9490 = 0. Is y prime?
False
Let i = -103 + -34. Let l = -10 - i. Is l a prime number?
True
Let p(v) = -9*v + 412. Is p(-9) a prime number?
False
Let r(v) = -1280*v - 121. Is r(-19) composite?
True
Let b(q) = q**3 - 6*q**2 + 5*q + 5. Let l be b(5). Suppose -l*n + n + 612 = 0. Let y = n + -40. Is y composite?
False
Suppose -4*m + 0*m - r = -153, r - 75 = -2*m. Let d = m + 40. Is d composite?
False
Let i(s) = 1795*s + 9. Is i(6) a prime number?
False
Let h = 17429 + -8920. Is h composite?
True
Suppose 5*u + 0*u = m + 289470, -2*u + 3*m + 115775 = 0. Is u a prime number?
False
Let p = 22998 + -4957. Is p a composite number?
False
Let o(x) = -369*x**2 - 9. Let c be o(4). Is ((-8)/(-44) + c/33)*-1 composite?
False
Let i(q) = 99*q - 7. Let y(z) = z**2 - 4*z + 2. Let n be y(4). Let a be i(n). Suppose 127 + a = 6*r. Is r prime?
True
Let w be (4 - -3 - 4) + -16. Is 118/4*(w - -15) a composite number?
False
Suppose -p - 25 = 4*p, -m = 2*p - 95. Let u = -155 + m. Is (-772)/(-10) + 10/u a composite number?
True
Let m be (-246)/30 - (-4)/(-5). Is ((-25)/(-3))/((-1)/m) + 2 a prime number?
False
Is 4/8*(-2 - 2) + 5035 a composite number?
True
Let r(g) = -g**2 - 9*g + 9. Let t be r(-9). Let i be t/15 - 76/10. Let f(z) = -50*z - 15. Is f(i) a prime number?
False
Let x be ((-4)/12)/((-2)/18). Suppose 0 = -c + x*q + 340, 3*c = -0*c + q + 1020. Let m = -17 + c. Is m a prime number?
False
Let k(i) = -i + 20. Let r be k(14). Let z(y) = r + 2*y + 5*y**2 - 15*y + y. Is z(11) a prime number?
True
Let w = -17 + 20. Suppose -2*j + y + 4*y - 107 = 0, -w*y = -j - 55. Is ((-4)/(-6))/(j/(-21183)) composite?
False
Suppose -5445 = -5*t - 2*d, -6*t + 2*t + 3*d = -4333. Let i = t + -418. Suppose 2*j = 5*j - i. Is j composite?
False
Suppose 4*d - 3*f = 3016, 0 = -d + 4*f + 446 + 308. Let o = d + -41. Is o prime?
False
Let h(i) = 285*i**2 - 3*i - 5. Is h(-3) a prime number?
False
Suppose -h + 5*s = -34 + 14, 0 = 4*h - 5*s - 35. Suppose h*w - 1930 = -345. Is w prime?
True
Let i(y) = 142*y**2 - 2*y - 19. Is i(4) a prime number?
False
Is ((-10187)/(-183))/((-1)/(-123)) a composite number?
True
Let u be (-66)/(-36) - (-3)/18. Is (11/33)/((-2)/(-25332)*u) composite?
False
Suppose -1495 = -2*m + 3*r, 0 = -5*m + 10*m + 3*r - 3706. Is m composite?
False
Let w = -2 + 0. Is 0 - w - (8 + -163) composite?
False
Is 4 + (-15)/(3 - -2) + 4412 composite?
True
Let i(y) = -32*y**2 - y - 2. Let r(w) = -63*w**2 - w - 4. Let s(d) = -5*i(d) + 2*r(d). Is s(3) a composite number?
False
Let u(q) = 10*q**2 - 12*q - 8. Let m(s) = -7*s**2 + 8*s + 5. Let h(y) = -8*m(y) - 5*u(y). Let v be h(4). Let z = 169 - v. Is z a composite number?
False
Is 20*(4 - -2971) - 3 a composite number?
False
Suppose -3*p = 5*k - 13, -2*k - 3*p + 4 + 3 = 0. Suppose -5*l = -3*z + 498 - 1463, k*l - 370 = -2*z. Suppose -2*b = b - 6, -4*g - 3*b + l = 0. Is g prime?
False
Let p = -186 - -324. Let w(x) = 156*x**2 + 21*x - 22. Let i be w(1). Let g = p + i. Is g prime?
True
Let p(f) = 15*f + 4. Let d = -15 + 24. Is p(d) composite?
False
Suppose -1595*x + 1590*x + 19925 = 0. Is x a composite number?
True
Suppose -20*m + 42561 = 